 -a71993 + 17?
-a71977
In base 9, what is 23 + 55773?
55806
In base 2, what is 11101110110100 + 1011?
11101110111111
In base 3, what is -102202210 + -1020200210?
-1200110120
In base 7, what is -53302150 + 134?
-53302013
In base 3, what is 202010221202212210 - 10?
202010221202212200
In base 4, what is -2022 - 111022220?
-111030302
In base 8, what is 503 - -65306?
66011
In base 3, what is -202 + -12112100102?
-12112101011
In base 4, what is -1 - -32000023223?
32000023222
In base 8, what is 634 - -66557?
67413
In base 4, what is 1302101 - -20111?
1322212
In base 11, what is -2 - 44581072?
-44581074
In base 11, what is -347a0952 + -2?
-347a0954
In base 5, what is 130 - -1030311404?
1030312034
In base 8, what is -1046456051 + -5?
-1046456056
In base 5, what is -23 + -424132101?
-424132124
In base 7, what is -241035264 - 4?
-241035301
In base 15, what is 73 + -6412c?
-640a9
In base 15, what is 2 + -4aec51?
-4aec4e
In base 14, what is -4b9d - -ac7?
-40b6
In base 2, what is 0 - -1000110110010001011011100010?
1000110110010001011011100010
In base 16, what is -2e + -2e639?
-2e667
In base 11, what is -1a4a349 - 4?
-1a4a352
In base 2, what is 11100 + -1000111111101011101010?
-1000111111101011001110
In base 2, what is 11110111000 + -11001111001?
100111111
In base 8, what is -21007100 - -3?
-21007075
In base 16, what is -1 + -878d7?
-878d8
In base 9, what is -2365683 - -83?
-2365600
In base 13, what is 49 + 47a88?
47b04
In base 7, what is -25 - 13333212?
-13333240
In base 6, what is -13 - -14213051?
14213034
In base 12, what is -3 + 15011a54?
15011a51
In base 10, what is 12182330 + 1?
12182331
In base 15, what is -5 + b9b3249?
b9b3244
In base 7, what is -4114261 - -115?
-4114143
In base 16, what is -2d9e3 + -219?
-2dbfc
In base 7, what is 3602251 + -41?
3602210
In base 13, what is -443 - 18a339?
-18a77c
In base 11, what is 8758 - -362a?
11287
In base 14, what is -1 + -1924798?
-1924799
In base 2, what is 101101 + 1010011001100011010011?
1010011001100100000000
In base 6, what is 135200403 + 11?
135200414
In base 4, what is 10232121220 - -3132?
10232131012
In base 15, what is 4 + deb335?
deb339
In base 4, what is -20302313303 - -3221?
-20302310022
In base 14, what is 1a4d6cb - -a?
1a4d6d7
In base 2, what is -100 - -10001000111011101011110010?
10001000111011101011101110
In base 2, what is -10110111110100001101101 + -1100?
-10110111110100001111001
In base 6, what is 2043045010 + -134?
2043044432
In base 2, what is 11010000 - 110000111000000110?
-110000110100110110
In base 5, what is 342431000 - 23?
342430422
In base 8, what is -77267 + 3537?
-73530
In base 4, what is -11031 + 312113300?
312102203
In base 15, what is 5 - -4a2424?
4a2429
In base 6, what is -101554050 - 1?
-101554051
In base 13, what is 22c0b2c + c?
22c0b3b
In base 3, what is 21022212102 - -112?
21022212221
In base 7, what is 52264230 + -3?
52264224
In base 5, what is 13 - -11034224?
11034242
In base 11, what is 1996187 + -1?
1996186
In base 12, what is -4988927 - -3?
-4988924
In base 16, what is -87622 - -376?
-872ac
In base 11, what is 171982 + 61?
171a33
In base 10, what is 2 - 712725?
-712723
In base 4, what is 10 - -12321233200133?
12321233200203
In base 6, what is -350532035 - -12?
-350532023
In base 13, what is 74138 + bcc?
75037
In base 5, what is -30124020231 - -1?
-30124020230
In base 4, what is -2011311331 - 10?
-2011312001
In base 15, what is -ae3ce4 + -5?
-ae3ce9
In base 8, what is 16 + 27243?
27261
In base 12, what is 4 + 129674ba?
12967502
In base 15, what is 1bd2e - 1b?
1bd13
In base 7, what is -136 + -2241032?
-2241201
In base 14, what is -18b6 + -767?
-223d
In base 6, what is 1405303 + -1335?
1403524
In base 15, what is -13 + -4321c?
-43230
In base 14, what is 14 + 10c38?
10c4c
In base 13, what is 380c25a6 + 7?
380c25b0
In base 8, what is 2 + 12602600?
12602602
In base 6, what is -21104103502 + 4?
-21104103454
In base 15, what is -2 + 998504?
998502
In base 2, what is -1000100100000100 + 1001100000?
-1000011010100100
In base 10, what is 103 - 312920?
-312817
In base 16, what is -c31c + ed?
-c22f
In base 3, what is -1011012121 - -102100?
-1010210021
In base 5, what is -130 + 11141332121?
11141331441
In base 6, what is -1040100 - -132543?
-503113
In base 2, what is -10110 - -11011101011011011010?
11011101011011000100
In base 16, what is -6a7 - -13e7?
d40
In base 11, what is 2651 + -2539?
113
In base 5, what is 143114 + 21320?
214434
In base 9, what is -573061 + -430?
-573501
In base 13, what is -211a8 - -c55?
-20253
In base 10, what is -6 - -1474494?
1474488
In base 8, what is -6 - -1462304?
1462276
In base 5, what is -202122322014 - -2?
-202122322012
In base 13, what is 4 - 3b90aa0?
-3b90a99
In base 10, what is 16561168 + -15?
16561153
In base 6, what is 3 - 22021202?
-22021155
In base 12, what is -5037788 + 14?
-5037774
In base 2, what is -1101000011010 - -10001100?
-1100110001110
In base 9, what is -167 + 2104611?
2104433
In base 16, what is 140 + 124a?
138a
In base 2, what is 10111011 + 110010001111001?
110010100110100
In base 6, what is -442120 + -3112?
-445232
In base 8, what is -21613105 + -33?
-21613140
In base 12, what is a - 2132056?
-2132048
In base 12, what is -559a6 + 25b?
-55747
In base 6, what is -521424103 + -1?
-521424104
In base 8, what is -305 + 270507?
270202
In base 3, what is -2000121122010111 + -21?
-2000121122010202
In base 9, what is -4165 + -61466?
-65642
In base 6, what is -2002154 - 332?
-2002530
In base 10, what is 466 - 230817?
-230351
In base 14, what is -c3d327 + 3?
-c3d324
In base 4, what is -3130 - 1211102302?
-1211112032
In base 4, what is -31200302 - 111012?
-31311320
In base 13, what is -17835321 + 8?
-17835316
In base 3, what is -1012 + 1220011020200?
1220011012111
In base 7, what is 15 + 42101050?
42101065
In base 7, what is 4 + 34664631?
34664635
In base 12, what is 4 + -41777951?
-41777949
In base 2, what is -100 - -1101110001001000000100?
1101110001001000000000
In base 12, what is -62 - 859a90?
-859b32
In base 15, what is -4 - -124e441?
124e43c
In base 16, what is -3 - c26f5?
-c26f8
In base 14, what is -171 - 29a5?
-2b36
In base 12, what is -199a1b6b - 0?
-199a1b6b
In base 11, what is -2720271 - 2?
-2720273
In base 12, what is 1 + -94b9a66?
-94b9a65
In base 10, what is 9716 + -60783?
-51067
In base 6, what is 1 + 335002420?
335002421
In base 15, what is -1781 - -1a?
-1766
In base 3, what is -2012000001000121122 - -1?
-2012000001000121121
In base 10, what is -987197756 + -3?
-987197759
In base 2, what is -10001 + 10110011100110?
10110011010101
In base 13, what is -3 + -2bc51a7?
-2bc51aa
In base 12, what is -ab7b56 + 13?
-ab7b43
In base 2, what is 101110011110000011110001110 + 101?
101110011110000011110010011
In base 13, what is ac - -b0a99?
b0b78
In base 2, what is 101 + 110000010100101011101?
110000010100101100010
In base 7, what is -126 + -60451601?
-60452030
In base 13, what is -a3bb + -397?
-a785
In base 3, what is 20110001022 + 202021?
20110210120
In base 14, what is 64a + 179a?
2006
In base 4, what is -222303 - -302333213?
302110310
In base 13, what is -a6b5b - -31?
-a6b2a
In base 14, what is -11a548 - 2?
-11a54a
In base 16, what is 46124 - 4c8?
45c5c
In base 16, what is 6230a - 170?
6219a
In base 5, what is 13404 + 141340010?
141403414
In base 15, what is -5 + 51e20c?
51e207
In base 13, what is 147b003 + 2?
147b005
In base 14, what is -6166816 - -5?
-6166811
In base 9, what is 135 - -526557?
526703
In base 2, what is 110011000100 + 1100010110?
111111011010
In base 14, what is -1475c - 943?
-152a1
In base 15, what is ac555 + -13?
ac542
In base 7, what is 1143412 - 13232?
1130150
In base 11, what is 61985 - a9?
61887
In base 16, what is -78d + 3d00?
3573
In base 2, what is -1000101110010111011 - -1110101?
-1000101110001000110
In base 6, what is 13225513142 - 13?
13225513125
In base 4, what is -120003011 - -2101?
-120000310
In base 14, what is 4678a68 + -3?
4678a65
In base 10, what is 160 + -382251?
-382091
In base 16, what is -4ff598 - 4?
-4ff59c
In base 10, what is -902638 + -62?
-902700
In base 12, what is -3 + 690aa87?
690aa84
In base 9, what is -2 - 5137270?
-5137272
In base 7, what is -311554 - 6436?
-321323
In base 6, what is 2225152454 - -5?
2225152503
In base 6, what is 2051503 - -353?
2052300
In base 12, what is 26 + b4b220